housands digit of 85978?
5
What is the hundreds digit of 993296?
2
What is the units digit of 191580?
0
What is the hundreds digit of 315020?
0
What is the millions digit of 2274217?
2
What is the units digit of 27749102?
2
What is the tens digit of 6168486?
8
What is the thousands digit of 623261?
3
What is the thousands digit of 2782742?
2
What is the tens digit of 14778508?
0
What is the ten thousands digit of 21766041?
6
What is the units digit of 39102?
2
What is the units digit of 272457?
7
What is the thousands digit of 221665?
1
What is the hundreds digit of 70962?
9
What is the hundred thousands digit of 2440131?
4
What is the hundred thousands digit of 492086?
4
What is the tens digit of 8113104?
0
What is the hundreds digit of 20789?
7
What is the units digit of 829962?
2
What is the thousands digit of 2101597?
1
What is the hundred thousands digit of 838621?
8
What is the tens digit of 1491?
9
What is the thousands digit of 9039275?
9
What is the ten thousands digit of 17006223?
0
What is the ten thousands digit of 2511327?
1
What is the ten thousands digit of 2899023?
9
What is the units digit of 2168873?
3
What is the hundred thousands digit of 464652?
4
What is the hundred thousands digit of 861512?
8
What is the hundreds digit of 442256?
2
What is the tens digit of 1234417?
1
What is the ten thousands digit of 8360737?
6
What is the hundred thousands digit of 21993238?
9
What is the hundreds digit of 145166?
1
What is the ten thousands digit of 11280942?
8
What is the tens digit of 183000?
0
What is the tens digit of 231705?
0
What is the ten thousands digit of 15487860?
8
What is the hundreds digit of 1822967?
9
What is the hundreds digit of 324299?
2
What is the hundred thousands digit of 263232?
2
What is the hundred thousands digit of 2365310?
3
What is the units digit of 503110?
0
What is the ten thousands digit of 426493?
2
What is the millions digit of 1590423?
1
What is the thousands digit of 6902358?
2
What is the tens digit of 25717736?
3
What is the thousands digit of 137308?
7
What is the hundred thousands digit of 2059734?
0
What is the ten thousands digit of 3333763?
3
What is the hundred thousands digit of 610474?
6
What is the hundred thousands digit of 129869?
1
What is the ten thousands digit of 275325?
7
What is the ten thousands digit of 222062?
2
What is the thousands digit of 9414484?
4
What is the hundreds digit of 27546928?
9
What is the tens digit of 3457643?
4
What is the ten thousands digit of 11031284?
3
What is the tens digit of 1475377?
7
What is the hundreds digit of 5840952?
9
What is the thousands digit of 4497100?
7
What is the units digit of 1162583?
3
What is the hundred thousands digit of 656301?
6
What is the hundreds digit of 4670044?
0
What is the hundreds digit of 959070?
0
What is the hundreds digit of 113816?
8
What is the tens digit of 814616?
1
What is the units digit of 3334096?
6
What is the units digit of 58406?
6
What is the units digit of 1899958?
8
What is the hundred thousands digit of 553299?
5
What is the ten thousands digit of 1687429?
8
What is the thousands digit of 101724?
1
What is the units digit of 6193963?
3
What is the hundred thousands digit of 1160106?
1
What is the hundreds digit of 10107282?
2
What is the hundreds digit of 30697?
6
What is the ten millions digit of 15494824?
1
What is the ten thousands digit of 53610?
5
What is the hundred thousands digit of 155738?
1
What is the millions digit of 1277847?
1
What is the units digit of 78990?
0
What is the hundred thousands digit of 718760?
7
What is the ten millions digit of 22197228?
2
What is the tens digit of 1508951?
5
What is the tens digit of 5888136?
3
What is the tens digit of 1688308?
0
What is the ten thousands digit of 203662?
0
What is the hundred thousands digit of 395562?
3
What is the tens digit of 386782?
8
What is the millions digit of 4714533?
4
What is the tens digit of 200513?
1
What is the tens digit of 36302238?
3
What is the ten thousands digit of 451982?
5
What is the thousands digit of 201540?
1
What is the millions digit of 4769465?
4
What is the tens digit of 3989112?
1
What is the hundred thousands digit of 1079660?
0
What is the hundred thousands digit of 1565878?
5
What is the ten thousands digit of 4370431?
7
What is the hundreds digit of 36568?
5
What is the units digit of 47919?
9
What is the thousands digit of 410127?
0
What is the thousands digit of 896752?
6
What is the ten thousands digit of 241638?
4
What is the thousands digit of 1296938?
6
What is the tens digit of 757640?
4
What is the hundreds digit of 1418?
4
What is the hundreds digit of 35978?
9
What is the ten thousands digit of 473595?
7
What is the hundreds digit of 508413?
4
What is the tens digit of 255534?
3
What is the hundreds digit of 433536?
5
What is the tens digit of 1895892?
9
What is the units digit of 5936455?
5
What is the thousands digit of 9533002?
3
What is the millions digit of 17126004?
7
What is the tens digit of 1117023?
2
What is the hundreds digit of 1577109?
1
What is the units digit of 6417797?
7
What is the hundred thousands digit of 1652441?
6
What is the units digit of 1831303?
3
What is the tens digit of 317806?
0
What is the hundreds digit of 192206?
2
What is the hundred thousands digit of 131986?
1
What is the hundred thousands digit of 1370667?
3
What is the hundred thousands digit of 8556134?
5
What is the millions digit of 2302866?
2
What is the hundreds digit of 939939?
9
What is the units digit of 65032?
2
What is the tens digit of 19406643?
4
What is the thousands digit of 29622?
9
What is the thousands digit of 1441408?
1
What is the thousands digit of 7109563?
9
What is the thousands digit of 6792?
6
What is the thousands digit of 4920794?
0
What is the hundreds digit of 1059737?
7
What is the thousands digit of 1016124?
6
What is the thousands digit of 994027?
4
What is the millions digit of 17641448?
7
What is the hundreds digit of 34891601?
6
What is the units digit of 16099226?
6
What is the thousands digit of 101963?
1
What is the millions digit of 24409687?
4
What is the millions digit of 7358302?
7
What is the ten thousands digit of 387105?
8
What is the thousands digit of 704431?
4
What is the units digit of 77557?
7
What is the units digit of 387312?
2
What is the tens digit of 189571?
7
What is the hundred thousands digit of 173036?
1
What is the millions digit of 6480619?
6
What is the ten thousands digit of 391828?
9
What is the units digit of 110593?
3
What is the hundreds digit of 111935?
9
What is the hundreds digit of 5246740?
7
What is the hundred thousands digit of 9452135?
4
What is the ten thousands digit of 36661370?
6
What is the hundreds digit of 14193372?
3
What is the ten thousands digit of 8109755?
0
What is the hundred thousands digit of 153009?
1
What is the hundreds digit of 653309?
3
What is the thousands digit of 3614209?
4
What is the hundred thousands digit of 2102566?
1
What is the millions digit of 5183406?
5
What is the hundreds digit of 207739?
7
What is the hundred thousands digit of 3960103?
9
What is the hundred thousands digit of 15639811?
6
What is the thousands digit of 2305532?
5
What is the tens digit of 7555053?
5
What is the units digit of 390074?
4
What is the millions digit of 6830210?
6
What is the tens digit of 3405802?
0
What is the ten thousands digit of 420617?
2
What is the tens digit of 1353755?
5
What is the millions digit of 3069769?
3
What is the hundreds digit of 1707880?
8
What is the ten thousands digit of 176509?
7
What is the hundred thousands digit of 119247?
1
What is the units digit of 1409035?
5
What is the thousands digit of 322508?
2
What is the hundred thousands digit of 665040?
6
What is the tens digit of 428969?
6
What is the hundreds digit of 19124761?
7
What is the units digit of 1788156?
6
What is the thousands digit of 11782957?
2
What is the millions digit of 1669081?
1
What is the hundreds digit of 649830?
8
What is the hundreds digit of 139028?
0
What is the hundreds digit of 1949335?
3
What is the units digit of 685280?
0
What is the units digit of 382909?
9
What is the units digit of 2232077?
7
What is the tens digit of 412671?
7
What is the hundred thousands digit of 1791693?
7
What is the 